 1. Let w be (4/(-6))/(48/27 - 2). Suppose 4*o - 8 - 14 = -3*p, 2*o - w*p = 2. Calculate z(o).
-23
Let d(k) = k**2 - 25. Let u = 379 - -144. Let g = 523 - u. What is d(g)?
-25
Let l(c) = -c**3 - 2*c**2 - 3*c - 3. Let m be l(-2). Let g = -334 - -359. Let n(q) = -m*q + 4*q + g - 38 + 20. What is n(-5)?
2
Let g be (-2 - -2*(-10)/(-40))/(3/6). Let z(b) = -19*b + 4. Calculate z(g).
61
Let q(p) = -1281*p**2 + 145*p - p**3 + 115 - 77 + 1295*p**2. Calculate q(21).
-4
Let i be (-1 - -1) + (1 - 8). Let r(m) = -m + 14. Let d be r(8). Let l(a) = 5*a - 159 + 0*a**2 + 154 - a**3 - d*a**2. Give l(i).
9
Let m be 5*(36/48)/(45/(-24)). Let d(x) = -2*x**3 - 4*x**2 + x - 2. Let a(p) = -6*p**3 - 13*p**2 + 3*p - 7. Let g(h) = -2*a(h) + 7*d(h). Give g(m).
6
Let y(u) = u**3 + u**2 - u + 2. Let n(s) = s**2 - 11*s - 5. Let o be n(5). Let a = -37 - o. Give y(a).
0
Let w = 72 + -70. Let m(n) = n**3 + 4*n**w + 3*n + 90 - 90. Let x = -150 + 147. Determine m(x).
0
Let a be (3 + -2)/(2/(-28) + (-450)/(-1400)). Let y(s) = -2*s**3 + 6*s**2 - 7*s + 14. Calculate y(a).
-46
Let x = 73407 + -73408. Let z(u) = -7*u**2 - 5*u + 8. Let d(h) = -14*h**2 - 9*h + 15. Let q(c) = 6*d(c) - 11*z(c). Calculate q(x).
-6
Let t be (24/(-9) - -3)/((-7)/(-378)). Let c(l) = l - t + 38 - 30. Give c(9).
-1
Let a = 4690 + -4688. Let n(q) = q**3 + 3*q**2 - 8*q + 2. Determine n(a).
6
Let i(y) be the third derivative of y**6/24 + y**5/20 + y**4/8 + y**3/6 + 8*y**2 + 5. What is i(-2)?
-33
Let o(q) be the first derivative of -q**4/4 + 23*q**3/3 + 15*q - 1842. Calculate o(23).
15
Let f = -2644 + 2633. Let t(p) = p**2 + 11*p - 6. Give t(f).
-6
Let r = 9297 - 9305. Let o(g) = -11*g - g**2 + 0*g**2 + g - 11. Determine o(r).
5
Suppose -5*k - 175 = 120. Let b = k + 70. Let w(o) = o**2 - 11*o - 1. What is w(b)?
-1
Let l(s) be the first derivative of -2*s**3/3 - s + 37. Suppose 5*r = -10 - 0. Let d be r - -3*2/6. What is l(d)?
-3
Let g be 3 + (-36)/15 + (-114)/15. Let z(r) = -46*r - 304. Give z(g).
18
Let j(s) = -5970 - s**2 - 2*s - 5*s - 4*s + 5943. Calculate j(-9).
-9
Let t(u) = 559*u - 4*u**2 - 279*u + 6*u**2 - 274*u. What is t(-4)?
8
Let n(q) = q**3 + 2*q**2 - 6*q - 2. Let i(b) = 53*b + 208. Suppose -3*c + 84 - 108 = 4*s, -5*c + 2*s = 14. Let z be i(c). Calculate n(z).
-10
Suppose -14*w - 84 = -2*w. Let y(k) = -k**3 - 6*k**2 + 6*k - 5. Let u be y(w). Suppose 4*h - u*i = 11 + 9, 0 = -h + 3*i + 10. Let n(j) = -3*j - 1. Give n(h).
-13
Suppose -o + 9*k + 128 = 12*k, 5*o = -3*k + 592. Let q = o + -112. Suppose -10 = q*n - 9*n. Let m(u) = -2*u**2 + 2*u - 3. Give m(n).
-7
Suppose 2*f + 32 = 4*d, 3*d - 4*d - 7 = f. Let a(o) = 2*o + 1. Give a(f).
-19
Let t(i) = -i**3 - 9*i**2 + i. Let f(r) = r**3 + 23*r**2 - 5*r + 4. Let d(h) = f(h) + 2*t(h). Give d(3).
13
Let h(m) = m**2 - 10*m - 20. Let d be h(12). Let n be -15*((-15)/9 + 1). Suppose d = 2*c + n. Let o(i) = -i**3 - 3*i**2 + i + 1. Determine o(c).
-2
Let w(r) = -13*r + 82. Suppose -17 = -3*t + 4*b - 6*b, -7*t = -4*b - 57. Determine w(t).
-9
Let n(m) = -m**3 + m**2 + 3*m + 2. Let g(k) = 2*k**3 - 16*k**2 + 4*k - 28. Let p(a) = g(a) + 3*n(a). Determine p(-14).
-8
Let c = -1792 - -3075. Suppose -3*d = 1259 - c. Let p(w) = -w**2 + 6*w + 11. What is p(d)?
-5
Let a(h) = 38*h - 3. Let x(b) = -5*b. Let c(k) = a(k) + 2*x(k). Determine c(1).
25
Let z be (-6)/25*30/12*-5. Let y(p) = 2 - 1 - p + 0*p - z - 7. What is y(-13)?
4
Let c(n) = 2*n + 2. Let v(j) = -3*j - 3. Let b(g) = 8*c(g) + 5*v(g). Let l be (591/(-6))/(10/(-20)). Let k = 191 - l. What is b(k)?
-5
Let h(g) = -5*g - 17. Let p(x) = -4*x - 15. Let j(s) = 2*h(s) - 3*p(s). Let n(m) be the first derivative of -2*m**2 - 8*m - 1. Let c be n(0). What is j(c)?
-5
Let z(c) be the second derivative of c**4/12 + 7*c**3/6 + 5*c**2/2 - 2*c. Let h(x) = 0 - 9 + 25*x + 144*x**2 - x**3 - 146*x**2. Let p be h(4). Give z(p).
-5
Let l be (6/9)/((-16)/2808*13). Let t(z) = -z**3 - 8*z**2 + 5*z - 15. What is t(l)?
21
Let y(u) be the first derivative of 1/3*u**3 + 3*u + u**2 - 1. Determine y(0).
3
Let j(r) = -137 + 101 - 5*r + 5. What is j(-5)?
-6
Let d be (-776)/(-26) - (-26)/169. Suppose -5*v - d = -0. Let z(u) = u**2 + 1. Let o(h) = -2*h**2 + 2*h - 9. Let f(p) = o(p) + 3*z(p). What is f(v)?
18
Let o = 6 - 1. Let n = 0 - o. Let i(v) be the third derivative of -v**6/120 - v**5/10 - v**4/24 + v**3/2 + 123*v**2. Determine i(n).
-17
Suppose 0 = -21*u + 25*u + 960. Let l = -245 - u. Let g(q) = q**2 + q - 2. Calculate g(l).
18
Let w(m) = m**3 + 26*m**2 + 27*m + 45. Let b = 4659 - 4684. Calculate w(b).
-5
Let h(x) = 9*x + 2. Let n be 652 - (-1 - -2) - (0 + 1). Let m = n + -651. Determine h(m).
-7
Let j = -875 - -513. Let n = j + 367. Let z(c) = c**3 - 4*c**2 - 2*c + 5. Determine z(n).
20
Let d(o) = 4*o**3 + o + 2. Let f(h) = -7*h**3 - 5*h**2 - 5*h + 5. Let z(g) = -2*d(g) - f(g). Give z(5).
6
Let y(b) = 1188*b + 42. Let p(z) = 849*z + 28. Let s(x) = -7*p(x) + 5*y(x). Let w = -3 - -12. Give s(w).
-13
Let c(h) be the first derivative of h**4/4 - h**3 - 7*h**2/2 - h + 3219. Determine c(5).
14
Let g = 7014 + -7013. Let c(h) = 14*h**3 + 3*h**2 - 2*h + 1. Let i(u) = -57*u**3 - 13*u**2 + 9*u - 5. Let f(o) = 9*c(o) + 2*i(o). Calculate f(g).
12
Let u(i) = -13*i + 93. Let t be u(7). Let f(w) = -636*w**2 - 622*w**2 + t*w**3 + 1269*w**2 - 3 + 4*w. What is f(-5)?
2
Let m(g) = 1569*g**3 - 2*g**2 - 7 - 1568*g**3 + 3*g - 8*g. Determine m(-3).
-37
Let b(w) be the second derivative of -7/60*w**5 - 1/8*w**4 + 0 + 1/120*w**6 + 5/6*w**3 + 5/2*w**2 + 8*w. Let m(x) be the first derivative of b(x). What is m(7)?
-16
Let p(w) = -6*w**3 + 2*w**2 + 3*w + 2. Suppose -2*v - 3*l = -50, 9*l - 8 = 7*l. Suppose 0 = -3*c + 3*g, c - 4*g + v - 22 = 0. Calculate p(c).
7
Suppose -2 = 8*k - 18. Let j(b) = 0*b**2 + b**k + 3582*b - 3585*b + 3. Calculate j(4).
7
Let r(f) be the first derivative of -f**3/3 + 8*f**2 - 15*f - 20. Let n be r(15). Let o(s) = 1 - 3 - 2 + s**2. Determine o(n).
-4
Let d = 16273 - 16281. Let q(s) be the third derivative of -s**4/24 - 7*s**3/3 - 2*s**2. Determine q(d).
-6
Let h(w) = -5*w - 18. Suppose -2*q - 3*p - 26 = 0, -61*q + 63*q = -4*p - 22. Calculate h(q).
77
Let v(o) = 3 - 652*o + 5 + 1 + 635*o - o**2. Give v(-12).
69
Let r(f) = f + 21. Suppose -10*t + 6*t - 3*s = -964, 4*s = 2*t - 504. Let n = t + -256. Calculate r(n).
9
Let q be 5 + 3/((-21)/14). Let i(v) = 9*v**2 + 48 + 3*v**2 + v**q - 53 - 3*v**2. Give i(-9).
-5
Let a(p) = -2*p + 7. Let r(h) = -14*h**2 + 71*h + 8. Let v be r(5). What is a(v)?
-19
Suppose 22*y = 102 + 162. Let f be ((-3)/y)/(11/132). Let t(o) = -o**3 - 2*o**2 - 2*o - 1. Calculate t(f).
14
Let b(t) = 3*t**2 - t + 2. Let s be (-4)/16 + (-42)/(-8) + -1. Suppose 0*m + 5*v - 27 = s*m, 3*v = m + 12. Let y be -1*(m - (-2 + 0)) - -1. Give b(y).
12
Let i(x) be the second derivative of x**6/360 - x**5/40 - 5*x**4/24 - 37*x**3/2 + 2*x - 13. Let m(w) be the second derivative of i(w). Give m(6).
13
Let y(b) be the first derivative of 2*b**3/3 + 7*b**2/2 - 2*b - 2. Let t(k) = -k + 4. Let c be t(-5). Suppose 2*p + 1 + c = 0. What is y(p)?
13
Suppose 25*z - 967 = 10633. Suppose 9 = -z*l + 465*l. Let b(c) = -c**3 + 8*c**2 + 5*c - 7. Give b(l).
-43
Let j(b) be the second derivative of b**5/20 + 2*b**4/3 - 4*b**3/3 - 41*b**2/2 + 45*b - 5. Give j(-8).
23
Let b(l) = -l**2 - 8*l + 5. Let t = 254 + -225. Suppose g - t = 5*g + c, g = 4*c - 3. Calculate b(g).
12
Let p(y) be the third derivative of -y**6/120 + 11*y**5/60 + 13*y**4/24 - 3*y**3 - 5*y**2 + 2*y + 2. Determine p(12).
-6
Let g(b) = 4*b + 3. Let j be 12768/(-32) - 1*-2. Let t = j - -395. Calculate g(t).
-5
Let k(o) = 22*o + 0 - 3*o**3 + 524*o**2 - 259*o**2 + 2*o**3 - 246*o**2 - 25. Calculate k(20).
15
Let n be 4/(-10) + 12/5. Let z(l) = -10 + 3*l + 0 - n*l. Suppose -4*a = -2*o - 32, 2*a - 87*o + 90*o - 8 = 0. Calculate z(a).
-3
Let z(q) = -4*q - 18. Let m be z(-8). Let c = m - 4. Suppose -c*p = -18*p + 40. Let f(b) = b**2 - 5*b + 3. Give f(p).
3
Let j(z) = -z**2 - z + 1. Let v be (-216)/52 - 3*(-8)/156. Let p(n) = -3*n**2 - 1. Let m(w) = v*j(w) + p(w). Let c be (-42)/8 - 2/(-8). Determine m(c).
0
Suppose -6*w + 4*w - 6 = -4*k, 5*w = -2*k + 9. Suppose k*u = 5*u - 12. Let i(j) = -6*j + 4*j - j + j - u. Give i(5).
-14
Let j(h) be the third derivative of 0*h - 1/3*h**3 + 0 + 1/120*h**6 + 37*h**2 + 1/12*h**5